{"id":864,"date":"2023-12-05T16:19:23","date_gmt":"2023-12-05T15:19:23","guid":{"rendered":"https:\/\/www.skiclub-schussenried.de\/?page_id=864"},"modified":"2025-09-16T12:53:22","modified_gmt":"2025-09-16T11:53:22","slug":"impressum","status":"publish","type":"page","link":"https:\/\/www.skiclub-schussenried.de\/?page_id=864","title":{"rendered":"Impressum"},"content":{"rendered":"\n<p><strong>TV Bad Schussenried 1848 e.V.<\/strong><br>Elia Bacalja<br>Laimbach 28<br>88427 Bad Schussenried<br><a href=\"mailto:info@tv-bad-schussenried.de\">info@tv-bad-schussenried.de<\/a><br><a href=\"https:\/\/tv-bad-schussenried.de\/impressum\/\">https:\/\/tv-bad-schussenried.de\/impressum\/<\/a><\/p>\n\n\n\n<p><strong>Abteilung Ski<\/strong><br>Barbara Renz<br>Saulgauer Str. 3<br>88427 Bad Schussenried<br><a href=\"mailto:fragen@skiclub-schussenried.de\">fragen@skiclub-schussenried.de<\/a><\/p>\n\n\n\n<p>Haftungshinweis: Trotz sorgf\u00e4ltiger inhaltlicher Kontrolle \u00fcbernehmen wir keine Haftung f\u00fcr die Inhalte externer Links. F\u00fcr den Inhalt der verlinkten Seiten sind ausschlie\u00dflich deren Betreiber verantwortlich<em>.<\/em><\/p>\n","protected":false},"excerpt":{"rendered":"<p>TV Bad Schussenried 1848 e.V.Elia BacaljaLaimbach 2888427 Bad Schussenriedinfo@tv-bad-schussenried.dehttps:\/\/tv-bad-schussenried.de\/impressum\/ Abteilung SkiBarbara RenzSaulgauer Str. 388427 Bad Schussenriedfragen@skiclub-schussenried.de Haftungshinweis: Trotz sorgf\u00e4ltiger inhaltlicher Kontrolle \u00fcbernehmen wir keine Haftung f\u00fcr die Inhalte externer Links. F\u00fcr den Inhalt der verlinkten Seiten sind ausschlie\u00dflich deren Betreiber verantwortlich.<\/p>\n","protected":false},"author":8,"featured_media":0,"parent":0,"menu_order":0,"comment_status":"closed","ping_status":"closed","template":"","meta":{"footnotes":""},"_links":{"self":[{"href":"https:\/\/www.skiclub-schussenried.de\/index.php?rest_route=\/wp\/v2\/pages\/864"}],"collection":[{"href":"https:\/\/www.skiclub-schussenried.de\/index.php?rest_route=\/wp\/v2\/pages"}],"about":[{"href":"https:\/\/www.skiclub-schussenried.de\/index.php?rest_route=\/wp\/v2\/types\/page"}],"author":[{"embeddable":true,"href":"https:\/\/www.skiclub-schussenried.de\/index.php?rest_route=\/wp\/v2\/users\/8"}],"replies":[{"embeddable":true,"href":"https:\/\/www.skiclub-schussenried.de\/index.php?rest_route=%2Fwp%2Fv2%2Fcomments&post=864"}],"version-history":[{"count":6,"href":"https:\/\/www.skiclub-schussenried.de\/index.php?rest_route=\/wp\/v2\/pages\/864\/revisions"}],"predecessor-version":[{"id":1129,"href":"https:\/\/www.skiclub-schussenried.de\/index.php?rest_route=\/wp\/v2\/pages\/864\/revisions\/1129"}],"wp:attachment":[{"href":"https:\/\/www.skiclub-schussenried.de\/index.php?rest_route=%2Fwp%2Fv2%2Fmedia&parent=864"}],"curies":[{"name":"wp","href":"https:\/\/api.w.org\/{rel}","templated":true}]}}